{"id":15996,"date":"2025-10-14T12:22:35","date_gmt":"2025-10-14T10:22:35","guid":{"rendered":"https:\/\/sct.webs.upv.es\/?post_type=tribe_events&#038;p=15996"},"modified":"2025-10-27T11:43:52","modified_gmt":"2025-10-27T10:43:52","slug":"ruta-por-la-serra-de-mariola-paraiso-botanico-y-arqueologico","status":"publish","type":"tribe_events","link":"https:\/\/sct.webs.upv.es\/ca\/event\/ruta-por-la-serra-de-mariola-paraiso-botanico-y-arqueologico\/","title":{"rendered":"Ruta por la &#8220;Serra Mariola&#8221; para\u00edso bot\u00e0nico y arqueol\u00f3gico"},"content":{"rendered":"<p><strong>RESUMEN<\/strong><\/p>\n<p>Realizaremos una excursi\u00f3n por el coraz\u00f3n de la Serra Mariola, lugar que el insigne bot\u00e1nico Antonio Jos\u00e9 Cavanilles visit\u00f3 en 1792, resaltando su gran riqueza bot\u00e1nica y acu\u00edfera. En nuestro paseo, rodeado de pinos y carrascas, observaremos algunas de sus maravillas bot\u00e1nicas, como las orqu\u00eddeas que imitan a las abejas para conseguir la polinizaci\u00f3n, o las que mediante hongos se aprovechan de la energ\u00eda conseguida por otras plantas. Pero tambi\u00e9n hay que resaltar que la Serra de Mariola esconde otro patrimonio, el arqueol\u00f3gico, con espacios excepcionales como la \u201cCova Bolumini\u201d, lugar sagrado en el calcol\u00edtico y en la edad del bronce, o el \u201cCabe\u00e7\u00f3 de Mariola\u201d, poblado \u00edbero fortificado, que fue habitado entre los siglos IX y I a.C., y que tuvo un final abrupto asociado a las guerras sertorianas, ocurridas entre el 82 a. C. Y el 72 a. C. Esta es nuestra propuesta para poner en valor y proteger nuestro patrimonio cultural y natural.<\/p>\n<p>&nbsp;<\/p>\n<p><strong>INFORMACI\u00d3<\/strong><\/p>\n<p>\ud83d\uddd3\ufe0f Fecha: domingo, 24 de mayo de 2026<br \/>\n\ud83d\udd50 Horario: 10:00 h &#8211; 14:00 h<br \/>\n\ud83d\udccd Lugar de encuentro: Camping de Mariola<\/p>\n<p>\ud83d\udcdd <strong>Inscripcions<\/strong>: <a href=\"#formulario\">Formulari d'inscripcions<\/a><\/p>\n<p>&nbsp;<\/p>\n<p><strong>PONENTS<\/strong><\/p>\n<p>&nbsp;<\/p>\n<p><img fetchpriority=\"high\" decoding=\"async\" class=\"alignnone wp-image-16124 size-medium\" src=\"https:\/\/sct.webs.upv.es\/wp-content\/uploads\/2025\/10\/lluis-3-2-241x300.jpg\" alt=\"\" width=\"241\" height=\"300\" srcset=\"https:\/\/sct.webs.upv.es\/wp-content\/uploads\/2025\/10\/lluis-3-2-241x300.jpg 241w, https:\/\/sct.webs.upv.es\/wp-content\/uploads\/2025\/10\/lluis-3-2-10x12.jpg 10w, https:\/\/sct.webs.upv.es\/wp-content\/uploads\/2025\/10\/lluis-3-2.jpg 600w\" sizes=\"(max-width: 241px) 100vw, 241px\" \/><\/p>\n<p><strong>D. Llu\u00eds S<\/strong><strong>erra Laliga<\/strong><\/p>\n<p><em>Dr. en Biolog\u00eda por la Universidad de Alicante<\/em><br \/>\n<em>Investigador y especialista en Bot\u00e1nica, experto en flora de la Comunitat Valenciana<\/em><br \/>\n<em>Escritor y divulgador Cient\u00edfico<\/em><\/p>\n<p><strong>CURRICULUM VITAE<\/strong><\/p>\n<p>Doctor en Biolog\u00eda, ha trabajado como profesor en la Universidad de Alicante, t\u00e9cnico de Protecci\u00f3n de Especies de la Generalitat Valenciana y actualmente como agente medioambiental. Hace m\u00e1s de 35 a\u00f1os que investiga y difunde el valor de la flora y la vegetaci\u00f3n de Alicante. Es autor o coautor de numerosas publicaciones sobre conservaci\u00f3n, diversidad o taxonom\u00eda, entre de ellas \u201cFlora end\u00e9mica, rara o amenazada de la Comunidad Valenciana (1998), \u201cH\u00e1bitats prioritarios de la Comunidad Valenciana\u201d (2003), \u201cEstudio cr\u00edtico de la Flora Vascular de la Provincia de Alicante\u201d (2007), \u201cSenderos de inter\u00e9s bot\u00e1nico y cultural de l&#8217;Alcoi\u00e0 y el Comtat\u201d (2010), \u201cFlora del parque natural de la Font Roja\u201d (2011), \u201c\u00c1rboles y arbustos de la Comunidad Valenciana\u201d (2014) o\u201d*Gu\u00eda de las orqu\u00eddeas de la Comunidad Valenciana\u201d (2019).<\/p>\n<hr \/>\n<p>&nbsp;<\/p>\n<p><img decoding=\"async\" class=\"alignnone wp-image-16291 size-medium\" src=\"https:\/\/sct.webs.upv.es\/wp-content\/uploads\/2025\/10\/foto-grau-2-242x300.jpg\" alt=\"\" width=\"242\" height=\"300\" srcset=\"https:\/\/sct.webs.upv.es\/wp-content\/uploads\/2025\/10\/foto-grau-2-242x300.jpg 242w, https:\/\/sct.webs.upv.es\/wp-content\/uploads\/2025\/10\/foto-grau-2-825x1024.jpg 825w, https:\/\/sct.webs.upv.es\/wp-content\/uploads\/2025\/10\/foto-grau-2-768x953.jpg 768w, https:\/\/sct.webs.upv.es\/wp-content\/uploads\/2025\/10\/foto-grau-2-10x12.jpg 10w, https:\/\/sct.webs.upv.es\/wp-content\/uploads\/2025\/10\/foto-grau-2.jpg 978w\" sizes=\"(max-width: 242px) 100vw, 242px\" \/><\/p>\n<p class=\"p1\"><strong>D. Ignasi Grau Mira<\/strong><\/p>\n<p class=\"p1\"><em>Catedr\u00e1tico de Arqueolog\u00eda de la Universidad de Alicante<\/em><br \/>\n<em>Exdirector del Dpto. de Departamento de Prehistoria y Arqueolog\u00eda de la UA (2021-2025)<\/em><br \/>\n<em>Especialista de la cultura material, el territorio y la din\u00e1mica social de \u00e9poca ib\u00e9rica y romana<\/em><\/p>\n<p><strong>CURRICULUM VITAE<\/strong><\/p>\n<p class=\"p1\">Catedr\u00e1tico de la Universidad de Alicante en el<span class=\"Apple-converted-space\">\u00a0 <\/span>\u00e1rea de arqueolog\u00eda. Su principal l\u00ednea de trabajo se centra en el estudio de la cultura material, el territorio y la din\u00e1mica social de \u00e9poca ib\u00e9rica y romana en el \u00e1rea oriental de la pen\u00ednsula Ib\u00e9rica. Tambi\u00e9n centra su inter\u00e9s investigador en el an\u00e1lisis arqueol\u00f3gico del Paisaje en el contexto del Mediterr\u00e1neo Antiguo, investigando tambi\u00e9n en los Andes y Ocean\u00eda. Ha realizado estancias de investigaci\u00f3n en la University of Southampton (2001-2003), en la Northern Arizona University (EEUU) (2008) en Brown University (EEUU) (2016), Leiden Universiteit (Paises Bajos) (2017-2018), Universit\u00e9 de Bordeaux-Montaigne (2021) y Universit\u00e4t Hamburg (2022 y 2023). Ha sido director del Departamento de Prehistoria y Arqueolog\u00eda de la Universidad de Alicante (2021-2025). Es evaluador de distintas agencias nacionales e internacionales (DEVA, AGAUR, FWO-Vlaanderen, MIAS, ERC-H2020-MSCA) y ha sido gestor del \u00e1rea cient\u00edfica Estudios del pasado: Historia y arqueolog\u00eda (PHA) de la Agencia Espa\u00f1ola Investigaci\u00f3n (2021-2024).<\/p>\n<p>&nbsp;<\/p>\n<p>&nbsp;<\/p>\n<p>&nbsp;<\/p>\n<p>&nbsp;<\/p>\n<p>&nbsp;<\/p>\n<p>&nbsp;<\/p>\n<p>&nbsp;<\/p>","protected":false},"excerpt":{"rendered":"<p>RESUMEN Realizaremos una excursi\u00f3n por el coraz\u00f3n de la Serra Mariola, lugar que el insigne bot\u00e1nico Antonio Jos\u00e9 Cavanilles visit\u00f3 en 1792, resaltando su gran riqueza bot\u00e1nica y acu\u00edfera. En [&hellip;]<\/p>\n","protected":false},"author":3,"featured_media":0,"template":"","meta":{"_acf_changed":false,"inline_featured_image":false,"_price":"","_stock":"","_tribe_ticket_header":"","_tribe_default_ticket_provider":"","_tribe_ticket_capacity":"0","_ticket_start_date":"","_ticket_end_date":"","_tribe_ticket_show_description":"","_tribe_ticket_show_not_going":false,"_tribe_ticket_use_global_stock":"","_tribe_ticket_global_stock_level":"","_global_stock_mode":"","_global_stock_cap":"","_tribe_rsvp_for_event":"","_tribe_ticket_going_count":"","_tribe_ticket_not_going_count":"","_tribe_tickets_list":"[]","_tribe_ticket_has_attendee_info_fields":false,"_tribe_events_status":"","_tribe_events_status_reason":"","footnotes":"","_tec_slr_enabled":"","_tec_slr_layout":""},"tags":[],"tribe_events_cat":[127],"class_list":["post-15996","tribe_events","type-tribe_events","status-publish","hentry","tribe_events_cat-visita-guiada-25-26","cat_visita-guiada-25-26"],"acf":[],"ticketed":false,"_links":{"self":[{"href":"https:\/\/sct.webs.upv.es\/ca\/wp-json\/wp\/v2\/tribe_events\/15996","targetHints":{"allow":["GET"]}}],"collection":[{"href":"https:\/\/sct.webs.upv.es\/ca\/wp-json\/wp\/v2\/tribe_events"}],"about":[{"href":"https:\/\/sct.webs.upv.es\/ca\/wp-json\/wp\/v2\/types\/tribe_events"}],"author":[{"embeddable":true,"href":"https:\/\/sct.webs.upv.es\/ca\/wp-json\/wp\/v2\/users\/3"}],"version-history":[{"count":16,"href":"https:\/\/sct.webs.upv.es\/ca\/wp-json\/wp\/v2\/tribe_events\/15996\/revisions"}],"predecessor-version":[{"id":16393,"href":"https:\/\/sct.webs.upv.es\/ca\/wp-json\/wp\/v2\/tribe_events\/15996\/revisions\/16393"}],"wp:attachment":[{"href":"https:\/\/sct.webs.upv.es\/ca\/wp-json\/wp\/v2\/media?parent=15996"}],"wp:term":[{"taxonomy":"post_tag","embeddable":true,"href":"https:\/\/sct.webs.upv.es\/ca\/wp-json\/wp\/v2\/tags?post=15996"},{"taxonomy":"tribe_events_cat","embeddable":true,"href":"https:\/\/sct.webs.upv.es\/ca\/wp-json\/wp\/v2\/tribe_events_cat?post=15996"}],"curies":[{"name":"wp","href":"https:\/\/api.w.org\/{rel}","templated":true}]}}

Ruta por la &#8220;Serra Mariola&#8221; paraíso botànico y arqueológico

<p><strong>RESUMEN</strong></p>
<p>Realizaremos una excursión por el corazón de la Serra Mariola, lugar que el insigne botánico Antonio José Cavanilles visitó en 1792, resaltando su gran riqueza botánica y acuífera. En nuestro paseo, rodeado de pinos y carrascas, observaremos algunas de sus maravillas botánicas, como las orquídeas que imitan a las abejas para conseguir la polinización, o las que mediante hongos se aprovechan de la energía conseguida por otras plantas. Pero también hay que resaltar que la Serra de Mariola esconde otro patrimonio, el arqueológico, con espacios excepcionales como la “Cova Bolumini”, lugar sagrado en el calcolítico y en la edad del bronce, o el “Cabeçó de Mariola”, poblado íbero fortificado, que fue habitado entre los siglos IX y I a.C., y que tuvo un final abrupto asociado a las guerras sertorianas, ocurridas entre el 82 a. C. Y el 72 a. C. Esta es nuestra propuesta para poner en valor y proteger nuestro patrimonio cultural y natural.</p>
<p>&nbsp;</p>
<p><strong>INFORMACIÓ</strong></p>
<p>🗓️ Fecha: domingo, 24 de mayo de 2026<br />
🕐 Horario: 10:00 h &#8211; 14:00 h<br />
📍 Lugar de encuentro: Camping de Mariola</p>
<p>📝 <strong>Inscripcions</strong>: <a href="#formulario">Formulari d'inscripcions</a></p>
<p>&nbsp;</p>
<p><strong>PONENTS</strong></p>
<p>&nbsp;</p>
<p><img fetchpriority="high" decoding="async" class="alignnone wp-image-16124 size-medium" src="https://sct.webs.upv.es/wp-content/uploads/2025/10/lluis-3-2-241x300.jpg" alt="" width="241" height="300" srcset="https://sct.webs.upv.es/wp-content/uploads/2025/10/lluis-3-2-241x300.jpg 241w, https://sct.webs.upv.es/wp-content/uploads/2025/10/lluis-3-2-10x12.jpg 10w, https://sct.webs.upv.es/wp-content/uploads/2025/10/lluis-3-2.jpg 600w" sizes="(max-width: 241px) 100vw, 241px" /></p>
<p><strong>D. Lluís S</strong><strong>erra Laliga</strong></p>
<p><em>Dr. en Biología por la Universidad de Alicante</em><br />
<em>Investigador y especialista en Botánica, experto en flora de la Comunitat Valenciana</em><br />
<em>Escritor y divulgador Científico</em></p>
<p><strong>CURRICULUM VITAE</strong></p>
<p>Doctor en Biología, ha trabajado como profesor en la Universidad de Alicante, técnico de Protección de Especies de la Generalitat Valenciana y actualmente como agente medioambiental. Hace más de 35 años que investiga y difunde el valor de la flora y la vegetación de Alicante. Es autor o coautor de numerosas publicaciones sobre conservación, diversidad o taxonomía, entre de ellas “Flora endémica, rara o amenazada de la Comunidad Valenciana (1998), “Hábitats prioritarios de la Comunidad Valenciana” (2003), “Estudio crítico de la Flora Vascular de la Provincia de Alicante” (2007), “Senderos de interés botánico y cultural de l&#8217;Alcoià y el Comtat” (2010), “Flora del parque natural de la Font Roja” (2011), “Árboles y arbustos de la Comunidad Valenciana” (2014) o”*Guía de las orquídeas de la Comunidad Valenciana” (2019).</p>
<hr />
<p>&nbsp;</p>
<p><img decoding="async" class="alignnone wp-image-16291 size-medium" src="https://sct.webs.upv.es/wp-content/uploads/2025/10/foto-grau-2-242x300.jpg" alt="" width="242" height="300" srcset="https://sct.webs.upv.es/wp-content/uploads/2025/10/foto-grau-2-242x300.jpg 242w, https://sct.webs.upv.es/wp-content/uploads/2025/10/foto-grau-2-825x1024.jpg 825w, https://sct.webs.upv.es/wp-content/uploads/2025/10/foto-grau-2-768x953.jpg 768w, https://sct.webs.upv.es/wp-content/uploads/2025/10/foto-grau-2-10x12.jpg 10w, https://sct.webs.upv.es/wp-content/uploads/2025/10/foto-grau-2.jpg 978w" sizes="(max-width: 242px) 100vw, 242px" /></p>
<p class="p1"><strong>D. Ignasi Grau Mira</strong></p>
<p class="p1"><em>Catedrático de Arqueología de la Universidad de Alicante</em><br />
<em>Exdirector del Dpto. de Departamento de Prehistoria y Arqueología de la UA (2021-2025)</em><br />
<em>Especialista de la cultura material, el territorio y la dinámica social de época ibérica y romana</em></p>
<p><strong>CURRICULUM VITAE</strong></p>
<p class="p1">Catedrático de la Universidad de Alicante en el<span class="Apple-converted-space">  </span>área de arqueología. Su principal línea de trabajo se centra en el estudio de la cultura material, el territorio y la dinámica social de época ibérica y romana en el área oriental de la península Ibérica. También centra su interés investigador en el análisis arqueológico del Paisaje en el contexto del Mediterráneo Antiguo, investigando también en los Andes y Oceanía. Ha realizado estancias de investigación en la University of Southampton (2001-2003), en la Northern Arizona University (EEUU) (2008) en Brown University (EEUU) (2016), Leiden Universiteit (Paises Bajos) (2017-2018), Université de Bordeaux-Montaigne (2021) y Universität Hamburg (2022 y 2023). Ha sido director del Departamento de Prehistoria y Arqueología de la Universidad de Alicante (2021-2025). Es evaluador de distintas agencias nacionales e internacionales (DEVA, AGAUR, FWO-Vlaanderen, MIAS, ERC-H2020-MSCA) y ha sido gestor del área científica Estudios del pasado: Historia y arqueología (PHA) de la Agencia Española Investigación (2021-2024).</p>
<p>&nbsp;</p>
<p>&nbsp;</p>
<p>&nbsp;</p>
<p>&nbsp;</p>
<p>&nbsp;</p>
<p>&nbsp;</p>
<p>&nbsp;</p>

<p>RESUMEN Realizaremos una excursión por el corazón de la Serra Mariola, lugar que el insigne botánico Antonio José Cavanilles visitó en 1792, resaltando su gran riqueza botánica y acuífera. En [&hellip;]</p>
