{"id":14381,"date":"2023-01-11T13:24:05","date_gmt":"2023-01-11T12:24:05","guid":{"rendered":"https:\/\/sct.webs.upv.es\/?post_type=tribe_events&#038;p=14381"},"modified":"2023-12-19T12:23:39","modified_gmt":"2023-12-19T11:23:39","slug":"talleres-de-quimica-semana-joven-de-la-ciencia-2022-23","status":"publish","type":"tribe_events","link":"https:\/\/sct.webs.upv.es\/ca\/event\/talleres-de-quimica-semana-joven-de-la-ciencia-2022-23\/","title":{"rendered":"Talleres de Qu\u00edmica &#8211; Semana Joven de la Ciencia 2022-23"},"content":{"rendered":"<hr \/>\n<p><strong>\ud83d\uddd3\ufe0f\u00a0 <\/strong><strong>Dates: <\/strong>23 al 27 de gener de 2023<br \/>\n<strong>\ud83d\udd50 <\/strong><strong>Horari: <\/strong>9:15 a 13:30<br \/>\n<strong>\ud83d\udccd\u00a0 <\/strong><strong>Lloc: <\/strong>Laboratoris del campus d'Alcoi de la UPV (Pla\u00e7a Ferrandiz i Carbonell s\/n, 03801 Alcoi)<br \/>\n<strong>\ud83d\udd2c <\/strong><strong>Dirigit:\u00a0 <\/strong>Batxillerat \u2013 Cicles Formatius Grau Mitj\u00e0 i Superior<br \/>\n<strong>\ud83d\udcdd <\/strong><strong>Inscripcions: <\/strong><strong style=\"color: #f3df4d;\">Selecciona el d\u00eda<\/strong><\/p>\n<hr \/>\n<h6 style=\"text-align: center;\">GENER<\/h6>\n<table dir=\"ltr\" border=\"1\" cellspacing=\"0\" cellpadding=\"0\">\n<colgroup>\n<col width=\"100\" \/>\n<col width=\"100\" \/>\n<col width=\"100\" \/>\n<col width=\"100\" \/>\n<col width=\"100\" \/><\/colgroup>\n<tbody>\n<tr>\n<td data-sheets-value=\"{&quot;1&quot;:2,&quot;2&quot;:&quot;Lunes 7&quot;}\"><a href=\"\/ca\/event\/talleres-qsjc-23-enero-2023\/\"><span style=\"color: #f3df4d;\">Dilluns 23<\/span><\/a><\/td>\n<td data-sheets-value=\"{&quot;1&quot;:2,&quot;2&quot;:&quot;Martes 8&quot;}\"><a href=\"\/ca\/event\/talleres-qsjc-24-enero-2023\/\"><span style=\"color: #f3df4d;\">Dimarts 24<\/span><\/a><\/td>\n<td data-sheets-value=\"{&quot;1&quot;:2,&quot;2&quot;:&quot;Mi\u00e9rcoles 9&quot;}\"><a href=\"\/ca\/event\/talleres-qsjc-25-enero-2023\/\"><span style=\"color: #f3df4d;\">Dimecres 25<\/span><\/a><\/td>\n<td data-sheets-value=\"{&quot;1&quot;:2,&quot;2&quot;:&quot;Jueves 10&quot;}\"><a href=\"\/ca\/event\/talleres-qsjc-26-enero-2023\/\"><span style=\"color: #f3df4d;\">Dijous 26<\/span><\/a><\/td>\n<td data-sheets-value=\"{&quot;1&quot;:2,&quot;2&quot;:&quot;Viernes 11&quot;}\"><a href=\"\/ca\/event\/talleres-qsjc-27-enero-2023\/\"><span style=\"color: #f3df4d;\">Divendres 27<\/span><\/a><\/td>\n<\/tr>\n<\/tbody>\n<\/table>\n<hr \/>\n<p>L'objectiu principal \u00e9s fomentar una actitud receptiva cap a la ci\u00e8ncia i la tecnologia en estudiants de <strong>1r i 2n de Batxillerat i Cicles Formatius de grau Mitj\u00e0 i Superior<\/strong> a trav\u00e9s de tallers realitzats als laboratoris del Campus, donant a con\u00e8ixer les aplicacions pr\u00e0ctiques de la investigaci\u00f3 que es realitza a les universitats.<\/p>\n<p style=\"font-weight: 400;\">Tallers:<\/p>\n<ul style=\"font-weight: 400;\">\n<li style=\"color: #f3df4d;\">Qu\u00edmica del color<\/li>\n<li style=\"color: #f3df4d;\">Tractament d'aig\u00fces residuals urbanes<\/li>\n<li style=\"color: #f3df4d;\">Interactua amb la qu\u00edmica<\/li>\n<\/ul>\n<p>Si voleu rebre m\u00e9s informaci\u00f3, inscriviu-vos a la llista de difusi\u00f3 <a href=\"https:\/\/sct.webs.upv.es\/ca\/jovenes-conciencia-edicion-2022-23\/\">ac\u00ed<\/a>, indicant els vostres interessos.<\/p>","protected":false},"excerpt":{"rendered":"<p>\ud83d\uddd3\ufe0f\u00a0 Fechas: 23 al 27 de enero de 2023 \ud83d\udd50 Horario: 9:15 a 13:30 \ud83d\udccd\u00a0 Lugar: Laboratorios del campus de Alcoi de la UPV (Plaza Ferr\u00e1ndiz i Carbonell s\/n, 03801 [&hellip;]<\/p>\n","protected":false},"author":1,"featured_media":15244,"template":"","meta":{"_acf_changed":false,"inline_featured_image":false,"_price":"","_stock":"","_tribe_ticket_header":"","_tribe_default_ticket_provider":"","_tribe_ticket_capacity":"0","_ticket_start_date":"","_ticket_end_date":"","_tribe_ticket_show_description":"","_tribe_ticket_show_not_going":false,"_tribe_ticket_use_global_stock":"","_tribe_ticket_global_stock_level":"","_global_stock_mode":"","_global_stock_cap":"","_tribe_rsvp_for_event":"","_tribe_ticket_going_count":"","_tribe_ticket_not_going_count":"","_tribe_tickets_list":"[]","_tribe_ticket_has_attendee_info_fields":false,"_tribe_events_status":"","_tribe_events_status_reason":"","footnotes":"","_tec_slr_enabled":"","_tec_slr_layout":""},"tags":[],"tribe_events_cat":[71,75],"class_list":["post-14381","tribe_events","type-tribe_events","status-publish","has-post-thumbnail","hentry","tribe_events_cat-jovenes-conciencia-22-23","tribe_events_cat-taller-22-23","cat_jovenes-conciencia-22-23","cat_taller-22-23"],"acf":[],"ticketed":false,"_links":{"self":[{"href":"https:\/\/sct.webs.upv.es\/ca\/wp-json\/wp\/v2\/tribe_events\/14381","targetHints":{"allow":["GET"]}}],"collection":[{"href":"https:\/\/sct.webs.upv.es\/ca\/wp-json\/wp\/v2\/tribe_events"}],"about":[{"href":"https:\/\/sct.webs.upv.es\/ca\/wp-json\/wp\/v2\/types\/tribe_events"}],"author":[{"embeddable":true,"href":"https:\/\/sct.webs.upv.es\/ca\/wp-json\/wp\/v2\/users\/1"}],"version-history":[{"count":2,"href":"https:\/\/sct.webs.upv.es\/ca\/wp-json\/wp\/v2\/tribe_events\/14381\/revisions"}],"predecessor-version":[{"id":14400,"href":"https:\/\/sct.webs.upv.es\/ca\/wp-json\/wp\/v2\/tribe_events\/14381\/revisions\/14400"}],"wp:featuredmedia":[{"embeddable":true,"href":"https:\/\/sct.webs.upv.es\/ca\/wp-json\/wp\/v2\/media\/15244"}],"wp:attachment":[{"href":"https:\/\/sct.webs.upv.es\/ca\/wp-json\/wp\/v2\/media?parent=14381"}],"wp:term":[{"taxonomy":"post_tag","embeddable":true,"href":"https:\/\/sct.webs.upv.es\/ca\/wp-json\/wp\/v2\/tags?post=14381"},{"taxonomy":"tribe_events_cat","embeddable":true,"href":"https:\/\/sct.webs.upv.es\/ca\/wp-json\/wp\/v2\/tribe_events_cat?post=14381"}],"curies":[{"name":"wp","href":"https:\/\/api.w.org\/{rel}","templated":true}]}}

Talleres de Química &#8211; Semana Joven de la Ciencia 2022-23

<hr />
<p><strong>🗓️  </strong><strong>Dates: </strong>23 al 27 de gener de 2023<br />
<strong>🕐 </strong><strong>Horari: </strong>9:15 a 13:30<br />
<strong>📍  </strong><strong>Lloc: </strong>Laboratoris del campus d'Alcoi de la UPV (Plaça Ferrandiz i Carbonell s/n, 03801 Alcoi)<br />
<strong>🔬 </strong><strong>Dirigit:  </strong>Batxillerat – Cicles Formatius Grau Mitjà i Superior<br />
<strong>📝 </strong><strong>Inscripcions: </strong><strong style="color: #f3df4d;">Selecciona el día</strong></p>
<hr />
<h6 style="text-align: center;">GENER</h6>
<table dir="ltr" border="1" cellspacing="0" cellpadding="0">
<colgroup>
<col width="100" />
<col width="100" />
<col width="100" />
<col width="100" />
<col width="100" /></colgroup>
<tbody>
<tr>
<td data-sheets-value="{&quot;1&quot;:2,&quot;2&quot;:&quot;Lunes 7&quot;}"><a href="/ca/event/talleres-qsjc-23-enero-2023/"><span style="color: #f3df4d;">Dilluns 23</span></a></td>
<td data-sheets-value="{&quot;1&quot;:2,&quot;2&quot;:&quot;Martes 8&quot;}"><a href="/ca/event/talleres-qsjc-24-enero-2023/"><span style="color: #f3df4d;">Dimarts 24</span></a></td>
<td data-sheets-value="{&quot;1&quot;:2,&quot;2&quot;:&quot;Miércoles 9&quot;}"><a href="/ca/event/talleres-qsjc-25-enero-2023/"><span style="color: #f3df4d;">Dimecres 25</span></a></td>
<td data-sheets-value="{&quot;1&quot;:2,&quot;2&quot;:&quot;Jueves 10&quot;}"><a href="/ca/event/talleres-qsjc-26-enero-2023/"><span style="color: #f3df4d;">Dijous 26</span></a></td>
<td data-sheets-value="{&quot;1&quot;:2,&quot;2&quot;:&quot;Viernes 11&quot;}"><a href="/ca/event/talleres-qsjc-27-enero-2023/"><span style="color: #f3df4d;">Divendres 27</span></a></td>
</tr>
</tbody>
</table>
<hr />
<p>L'objectiu principal és fomentar una actitud receptiva cap a la ciència i la tecnologia en estudiants de <strong>1r i 2n de Batxillerat i Cicles Formatius de grau Mitjà i Superior</strong> a través de tallers realitzats als laboratoris del Campus, donant a conèixer les aplicacions pràctiques de la investigació que es realitza a les universitats.</p>
<p style="font-weight: 400;">Tallers:</p>
<ul style="font-weight: 400;">
<li style="color: #f3df4d;">Química del color</li>
<li style="color: #f3df4d;">Tractament d'aigües residuals urbanes</li>
<li style="color: #f3df4d;">Interactua amb la química</li>
</ul>
<p>Si voleu rebre més informació, inscriviu-vos a la llista de difusió <a href="https://sct.webs.upv.es/ca/jovenes-conciencia-edicion-2022-23/">ací</a>, indicant els vostres interessos.</p>

<p>🗓️  Fechas: 23 al 27 de enero de 2023 🕐 Horario: 9:15 a 13:30 📍  Lugar: Laboratorios del campus de Alcoi de la UPV (Plaza Ferrándiz i Carbonell s/n, 03801 [&hellip;]</p>
